k/1)/1 - -2. What is the units digit of w/10 + 38/5?
8
Let x = -7 - -10. Let a be 2 - 0*x/(-6). Suppose 0 = -5*c + 2 + 3, a*c + 22 = 3*o. What is the units digit of o?
8
Suppose -3*y + 45 = a + y, -4*y - 135 = -3*a. What is the tens digit of a?
4
Let f(j) be the first derivative of j**3/3 - 3*j**2/2 + 2*j + 2. What is the units digit of f(4)?
6
Let x(w) = -36*w**2 - w. Let y be x(-2). What is the tens digit of y/(-10) + (-6)/30?
1
Suppose 4*y + 0*p + 9 = -5*p, -p = -2*y + 13. Suppose -y - 11 = -5*c. Suppose -b + c*b - 14 = 0. What is the units digit of b?
7
Let v be (48 - 2) + (7 - 6). Suppose -4*k - 41 = -2*s + v, 0 = 5*k + 15. What is the tens digit of s?
3
Suppose 4*w - 1 - 7 = 0, 0 = 2*s - w - 22. Let t be (s/(-10))/(3/(-90)). Suppose 9*g = 5*g + t. What is the units digit of g?
9
Let u = 285 - 135. Suppose -5*z + 5*q + u = 0, -3*z - 39 = -5*z - 5*q. What is the units digit of z?
7
Suppose -74 = -5*j - 2*v, -4*j + 16 = 3*v - 39. What is the tens digit of j?
1
Suppose 5*y + 2*z = 6 + 10, 2*y = 5*z + 18. Let x be 0*(-3)/(1 + 5). Suppose x*n = y*n - 8. What is the units digit of n?
2
Let t(j) = 2*j**2 + 2*j + 9. What is the units digit of t(5)?
9
Let i(h) = h. Let w be i(4). Let t = 7 - w. What is the units digit of t?
3
Let a be 4/(-18) - (-6)/27. Suppose -5*x + 51 - 16 = a. What is the units digit of x?
7
Let s = -106 - -157. What is the units digit of s?
1
Let z(p) = -p**2 - 14*p - 12. Let j be z(-13). Let f(i) = 14*i**3 - i**2 + 1. What is the units digit of f(j)?
4
Let q be (48/(-18))/(4/(-6)). Suppose 5*d - 10 = q*d. What is the units digit of d?
0
What is the tens digit of (32/(-5))/(-2 - (-95)/50)?
6
Suppose -4*y + 1 = -3*w - 9, -2*w + 8 = y. Let p be 6/(1068/2856 + 4/(-14)). Suppose 6*k = w*k + p. What is the tens digit of k?
1
Let b(o) = 2*o**2. What is the units digit of b(2)?
8
Suppose -v + 10 = -45. What is the tens digit of v?
5
Let d(y) = -y**2 - 26*y - 7. What is the hundreds digit of d(-7)?
1
Let k(y) = -4 + y + 2 + 0*y. Suppose -s - 3 = 0, s + 1 = -3*q + 13. What is the units digit of k(q)?
3
Let d(c) = -6*c - 9. What is the units digit of d(-10)?
1
Let v(c) = -c**3 - 4*c**2 - 5*c - 1. What is the tens digit of v(-4)?
1
What is the tens digit of 24 + -1 - (4 + -7)?
2
Let o be (-2 - 6/(-5))*-5. Suppose o*s + 5*p = -36, 3*p + 20 = -s - p. Let r = 7 + s. What is the units digit of r?
3
What is the units digit of 25 + (4 - (1 - -5))?
3
Suppose 2*p + 5*l + 75 = 274, 0 = -4*p + 2*l + 362. What is the tens digit of p?
9
Suppose -y = -4 - 1. What is the units digit of y?
5
Let t(k) be the third derivative of k**6/120 + k**5/12 + k**4/6 + k**3/2 + 3*k**2. Let m be -3*(2 + 0 + -1). What is the units digit of t(m)?
9
Let w be ((-12)/10)/(12/(-40)). Suppose 0 = -w*c + 5*q + 75, c = -4*q + 17 + 7. Let l = c - 4. What is the tens digit of l?
1
Let l = 247 + 55. What is the hundreds digit of l?
3
What is the tens digit of (5 - -65) + -1 + 3?
7
Let d(p) = -p - 5. Let z be d(-4). Let s be (-39)/(1/z - 0). Suppose -5*v - o + 37 = 0, 3*o + s = 5*v + 5*o. What is the units digit of v?
7
Let t = 18 - 11. Suppose -t = 2*f - 19. What is the units digit of f?
6
Suppose -2*b + 6*b = -2*o + 470, 2*o = 3*b + 435. What is the units digit of o?
5
Let b(t) = -t**3 + 11*t**2 - 5*t - 6. What is the hundreds digit of b(8)?
1
Let m(d) = d - 3. Let v(w) = w**2 - 4*w + 3. Let n be v(4). Let r be m(n). Suppose -5*z + 17 + 3 = r. What is the units digit of z?
4
Let j(x) = -4*x - 2. What is the tens digit of j(-4)?
1
Let r(u) = 2*u**2 + 2*u + 1. Let n be r(-4). Suppose -4*w = -5*p + n, -p - 3*p - w - 1 = 0. What is the units digit of 0 + 2 + 0/p?
2
Let y(i) = -i**3 + i**2 - i - 1. Let j be y(-1). Suppose j*h - 2 = 2. Let l = -1 + h. What is the units digit of l?
1
Suppose 0 = -5*a + 4*f + 5 + 3, -5*a - 2*f = -26. Suppose -16 = -0*r - a*r. What is the units digit of r/18 - (-305)/45?
7
Let r = 7 + -9. What is the units digit of (3 + -5)*7/r?
7
Suppose 2*s + g - 33 = 27, 2*s = 5*g + 36. Let d be s/(-8) - 2/4. Let a(q) = q**2 + 3*q - 1. What is the units digit of a(d)?
3
What is the tens digit of (0 + -8)/(-4) + 304?
0
Suppose -2*p - 28 = 3*a, 0*a + 35 = -3*a + 5*p. What is the tens digit of (-1)/2 - 205/a?
2
Let b = 81 - 46. Suppose 4*n + 44 = -4*s, -2*n - b = 2*n + s. Let g = n - -20. What is the tens digit of g?
1
Let c = -81 - -139. What is the units digit of c?
8
Let b(a) = -a + 5. Let y be b(4). Suppose 0 = 3*h - 2 - y. What is the units digit of (18*(-1)/(-2))/h?
9
Let o(y) = 3*y - 2. Let h be -3 + -2 + (7 - 0). What is the units digit of o(h)?
4
Let d(r) = -r**2 - 11*r - 6. What is the units digit of d(-10)?
4
What is the units digit of (-2 + 33)*(-9)/(-9)?
1
Let s(r) be the second derivative of -r**5/20 - 5*r**4/6 - 5*r**3/3 - 5*r**2/2 - 2*r. Suppose 9 = -2*g - 3*z, -3*z + 6 = -z. What is the units digit of s(g)?
4
Suppose 7*k = 5*k + 88. What is the units digit of k?
4
Suppose 3*m - m - 4 = 0. Suppose -q - 43 = m*q + 5*y, -3*q + 3*y = 3. What is the units digit of 9/q*(-4)/6?
1
Suppose -4*c - 34 = -5*a + 58, 2*a + 3*c - 46 = 0. What is the tens digit of a?
2
Let f be ((-1)/2)/((-4)/(-8)). Let m = 5 + f. Suppose a - m*d - 19 + 0 = 0, 4*d = 2*a - 30. What is the units digit of a?
1
Suppose -3*c - 25 + 71 = 5*d, 5*d - 49 = -2*c. What is the tens digit of d?
1
Suppose -2*r - 2*u - u = -107, -106 = -2*r - 2*u. What is the units digit of r?
2
Let h(s) = -s**3 + 5*s**2 + 8*s + 6. Let p(b) = b**3 - 5*b**2 - 7*b - 5. Let r(o) = -5*h(o) - 6*p(o). What is the tens digit of r(5)?
1
Suppose -2*y + 3 = -y. Suppose -n + 3 = -y. What is the units digit of n?
6
Let h(v) = -v**2 - 7*v + 3. Let l be h(-7). Suppose b = 3*u + 4 + 9, -26 = -2*b - l*u. What is the units digit of b?
3
Let p(z) = z**2 - 4*z + 6. Let v be p(4). Let j = -12 + v. Let g(t) = t + 13. What is the units digit of g(j)?
7
Let s = 6 + 3. What is the tens digit of (3/s)/(5/165)?
1
Suppose 0 = 3*i + 15, -c - c + 159 = -5*i. What is the tens digit of c?
6
Let g = -2 - -5. Suppose 0 = g*o - 37 + 4. What is the units digit of o?
1
Suppose -2*r = -9 - 11. Suppose 0 = j - 35 + r. What is the tens digit of j?
2
Let g(j) = j - 2. Let t be g(4). Let a(h) = -2*h**t - 9*h + h**2 + 0*h**2 + 5 + h. What is the units digit of a(-8)?
5
Let z = -10 + 22. What is the units digit of 114/4 - 6/z?
8
Let o = -11 - -11. Suppose -5*n + g + 100 = o, 4*n - g - 91 = 2*g. What is the tens digit of n?
1
Suppose -m = -2*c + 3, 4*m - 5*c + c = -4. What is the units digit of m?
1
Suppose 4*z = 4*l + 24, 0*z + 5*l = -4*z - 12. Let y(c) = c**2. What is the units digit of y(z)?
4
Let i(y) = 13*y + 12. Let b be i(4). Let d = b - 18. What is the units digit of d?
6
Let h = 248 - 96. What is the hundreds digit of h?
1
Let w(j) = -5 - 4*j - 8*j + 2*j. What is the tens digit of w(-4)?
3
Suppose 3*v - 196 = 59. Let d = v + -61. Let l = 38 - d. What is the units digit of l?
4
Let f(z) = 2*z. Let d be f(1). Suppose 0 = -4*i - d*y + 28, 0 = -5*i + 3*y + 2*y + 50. What is the units digit of i?
8
Suppose 2*t + 2 = 0, o + 4*t = 5*t + 4. Suppose -g + 60 = p + o*g, p - 48 = -g. What is the units digit of p?
4
What is the units digit of (-91)/(-35) + 2/5?
3
Let l = -1 - -1. Suppose 2*j - 17 - 9 = l. What is the units digit of j?
3
Suppose -3*m + 0 = 2*y - 8, -2 = -2*y. Suppose -m*d = -5*d + 33. What is the tens digit of d?
1
What is the units digit of (-10)/(-3)*(-30)/(-4)?
5
Let x(j) = -9*j + 7. What is the tens digit of x(-8)?
7
Let m be (-46)/(-14) - (-2)/(-7). Let v be 1/(-3) + 2/6. Let l = m + v. What is the units digit of l?
3
Suppose 9*s - 35 = 4*s + b, -14 = -2*s + 3*b. Let v(d) = d**2 - 6*d - 2. What is the units digit of v(s)?
5
Let x(s) = -s - 1. What is the units digit of x(-7)?
6
Let m be 48/(-20)*(-6 - -1). Let j = m + -9. What is the units digit of j?
3
Let l be 1/1 + 2 + 0. Suppose -26 = 2*m - g, l*m + g = -4*g - 52. Let u = m - -20. What is the units digit of u?
6
Suppose 13 + 7 = 4*j. Suppose 0 = -4*q - j*w + 46, -w + 6*w = -q + 4. What is the units digit of q?
4
Suppose -2 = 2*u - 6. Suppose 3*c = c + u*q + 26, 0 = 4*c + 3*q - 80. Suppose 0 = -4*y + 3 + c. What is the units digit of y?
5
Let l(j) = 47*j**2 - 1. What is the tens digit of l(1)?
4
Suppose 4*g + 3 = 7. Let l be 14/(-2) + (g - 1). Let v(o) = o**2 + 5*o - 5. What is the u